et y(n) = -n**3 + 7*n**2 + 2*n - 9. What are the prime factors of y(6)?
3, 13
Suppose 0 = -3*h + 6, -19 = -3*p - 2*h. Suppose p*b = 6 + 54. List the prime factors of b.
2, 3
Let q be 16/6 - 2/(-6). Let l(c) = -c**3 + c + 2. Let z be l(0). Suppose -z*x + x + q = 0. List the prime factors of x.
3
Let j(z) = z**3 - 5*z**2 - z - 14. Let i be (-4)/(-14) - (-120)/21. What are the prime factors of j(i)?
2
Suppose 2*w + 12 = 3*w - 3*g, -5*w + 100 = 5*g. What are the prime factors of w?
2, 3
List the prime factors of (3 - 68/(-12))*18.
2, 3, 13
Let x(p) = p**3 + 8*p**2 - 10*p - 6. Let h be x(-9). Suppose 0*v = -h*v + 87. List the prime factors of v.
29
Suppose -17*b + 26*b = 2709. List the prime factors of b.
7, 43
Suppose 0 = -6*v + 2*v. List the prime factors of 38 + (v - 3 - -2).
37
Suppose 6 = 4*s - 14. Suppose 22 + 48 = s*g. List the prime factors of g.
2, 7
Let g = -171 + 324. List the prime factors of g.
3, 17
Suppose -3*q - 53 + 216 = 4*p, 0 = 2*q - p - 116. What are the prime factors of q?
3, 19
What are the prime factors of 78/9 + 2/6?
3
Let h = -18 + 27. Suppose h = 3*d - 3. Suppose -4*g + 4*r + 52 = 0, 3 = -3*g - d*r + 28. List the prime factors of g.
11
Suppose 2*u = -3*u. Suppose m = -u*m + 17. What are the prime factors of m?
17
Let k(m) = m**2 - 8*m - 3. Let t(o) = o**2 - 9*o - 2. Let u(g) = -6*k(g) + 5*t(g). Let h be u(7). Let c = h + 36. List the prime factors of c.
2
List the prime factors of (-14)/70 + (-331)/(-5).
2, 3, 11
Let a be -1*(1 - (-2)/2). List the prime factors of a - 18/(-4 + 3).
2
Suppose -310 = h - 6*h. Let q be (1 + 2 - -13) + -1. List the prime factors of h/5 - 6/q.
2, 3
Suppose -7*q - 9*q = -432. List the prime factors of q.
3
Let g(k) = -k**3 - 9*k**2 - 2*k. Let z be (-2 - 5) + 10/(-5). List the prime factors of g(z).
2, 3
List the prime factors of 50 + 4/(-7 + 3).
7
Suppose 3*z + y - 334 = -0*z, -5*z = -4*y - 551. Let p = z - 70. What are the prime factors of p?
41
Suppose -5*a - l = l + 70, 0 = -a - 2*l - 14. Let n = a + 23. What are the prime factors of n?
3
Let l(b) = b**3 + 7*b**2 + 7*b + 6. Let n be l(-6). Suppose -4*i - 2 + 6 = n. What are the prime factors of 7 - (0 - i/1)?
2
Let b(o) = 2*o**2. Let a(f) = -f**2 + 6*f - 4. Let r be a(4). List the prime factors of b(r).
2
Let p(a) be the second derivative of a**4/6 - a**3/2 - 3*a**2/2 - 14*a. Suppose 1 = 4*l - 11. What are the prime factors of p(l)?
2, 3
Suppose i + 4*i = -4*p + 320, -262 = -4*i - 2*p. List the prime factors of i.
2, 17
Let w(p) = -p**2 - 12 - 12*p - 4*p**3 + 3*p**3 - 1 - 9*p**2. What are the prime factors of w(-9)?
2, 7
Suppose 615 + 205 = 5*o. List the prime factors of o.
2, 41
Let v(g) = g**3 - 10*g**2 + 4*g + 5. List the prime factors of v(10).
3, 5
Suppose -3*a + 5 = -10. Suppose 3*f - 12 = -f. Suppose f*b = a*v + 47, v = -b + 5*v + 25. What are the prime factors of b?
3
Let o = -8 - -9. What are the prime factors of (o - (-1)/(-3))*12?
2
Let g(q) = q**2 + 7*q + 2. Let h be g(-6). List the prime factors of h/18 + (-390)/(-54).
7
Let n = -13 + 19. Let f = 15 - n. List the prime factors of f.
3
Suppose 106 = 4*o - 58. List the prime factors of o.
41
Let a = -84 - -122. List the prime factors of a.
2, 19
Let w(a) = -a**3 + 4*a**2 + 5*a + 5. Let o be w(5). Let n be o - 0/(1 + -4). Suppose 5*u - 54 = -2*g, -3*u + 75 = 2*u - n*g. What are the prime factors of u?
2, 3
Let y = 273 - 41. List the prime factors of y.
2, 29
Let i be (1/(-2))/(4/(-96)). List the prime factors of (-8)/(-3) + 4/i.
3
Suppose -6*w + 3*w + 156 = 0. List the prime factors of w.
2, 13
Suppose 5*c - 4*t = -5*t + 48, 0 = 2*t - 6. What are the prime factors of 1 + (c - (0 + 2))?
2
Let z be 74/(-26) - 4/26. List the prime factors of 41 - ((z - -2) + 1).
41
Let n(s) be the third derivative of s**5/60 + s**4/4 - 4*s**3/3 - s**2. What are the prime factors of n(-8)?
2
Let v(i) = i**2 - 7*i - 3. Let j be v(8). Let t(g) = g**3 + g - 6 - 5*g**2 + 1 + g. List the prime factors of t(j).
5
Suppose 2*c + 117 = 5*a, 3*a = -5*c + 17 + 78. What are the prime factors of a?
5
What are the prime factors of (19 - 20)*-40*10?
2, 5
Suppose -4 = 3*i - i. Let g(d) = -4*d - 3. List the prime factors of g(i).
5
Let w(d) = d**3 - 4*d**2 - d + 1. Let k be w(4). List the prime factors of k + 2 - (-19 + 2).
2
Let l = -42 - -64. Let q = l + -16. What are the prime factors of q?
2, 3
Let a(t) = -7*t + 14. List the prime factors of a(-14).
2, 7
List the prime factors of (-1 + 3)*-1 - -263 - 1.
2, 5, 13
List the prime factors of (-3)/(1 + 2) + 50.
7
Suppose -3*l + 264 = -4*y, -l + 35 + 53 = -5*y. What are the prime factors of l?
2, 11
Suppose 7*i - 706 - 1135 = 0. List the prime factors of i.
263
Suppose 44 + 8 = 4*f. Suppose 0 = 3*x - f + 1. What are the prime factors of x?
2
Let l(i) = -i**3 - 7*i**2 - 5*i + 4. What are the prime factors of l(-7)?
3, 13
Let z = -11 + 23. Let y = z + -8. List the prime factors of y.
2
Suppose 3 = -5*a + 3*k - 43, -a + 4 = -5*k. Let u = a + 17. List the prime factors of u.
2, 3
Suppose -3 + 0 = -c. Suppose 7*p - 20 = c*p. Suppose 2*n - 6*n + 95 = p*u, u - 30 = -3*n. List the prime factors of u.
3, 5
Let c = 89 - 64. List the prime factors of c.
5
Let h(r) = r**3 + 9*r**2 + 7*r - 3. Let o = 8 - 3. Suppose -o*c + l + l - 36 = 0, 0 = c - 2*l + 4. List the prime factors of h(c).
5
Let t = 51 - -18. List the prime factors of t.
3, 23
Let m(l) = 10*l - 11. What are the prime factors of m(3)?
19
Let m be (1/(-1))/(2/(-22)). Let v(w) = 11*w - 93*w**2 + 184*w**2 - 92*w**2 + 11. List the prime factors of v(m).
11
Let r be (0 - 3)/((-1)/3). What are the prime factors of 30/r*(-9)/(-6)?
5
What are the prime factors of 230/26 + (-6)/(-39)?
3
Let u be 6/(-3) - 2/(-1). Suppose 10 - 1 = 3*i. Let l = i + u. What are the prime factors of l?
3
Suppose 3*l - 202 = -u - 36, 0 = 5*l - 2*u - 284. List the prime factors of l.
2, 7
Let d = 173 - 122. What are the prime factors of d?
3, 17
Suppose -1 = w, 0 = -p - 4*w + 28 + 2. Suppose -6*y + p = -4*y. List the prime factors of y.
17
Let x(h) = 10*h - 4. What are the prime factors of x(4)?
2, 3
Let n = 1 - -8. What are the prime factors of n?
3
Let a = -7 + 22. Let m = 7 - 4. Let b = a - m. What are the prime factors of b?
2, 3
List the prime factors of ((-2)/(-3))/(46/10281).
149
Let a = 9 + -5. Suppose -2*c - 3*k + 75 = -6*k, -149 = -a*c + 5*k. List the prime factors of c.
2, 3
Let b(n) = 7*n - 4. Let y(i) = 6*i - 5. Let o(t) = -5*b(t) + 6*y(t). Let u be o(10). What are the prime factors of (1 + u)/((-5)/(-95))?
19
Let o = 179 - 49. List the prime factors of o.
2, 5, 13
Let p = -23 - -23. Suppose p*m + 10 = m. What are the prime factors of m?
2, 5
Suppose -4*n - o = n - 16, -2*n = 2*o - 8. What are the prime factors of (n + 1*-2)*5?
5
Let r(x) = 16*x**2 - 1. Let h be r(1). Suppose -p - 5 = -a + 2*a, -h = p + 3*a. Suppose -2*s - 4 = p, -f + 3*f - 26 = 4*s. What are the prime factors of f?
3
Let n be (-4)/(-20) + 68/10. Let u = 5 + -1. Let w = u + n. List the prime factors of w.
11
Suppose -9*p - 111 = -12*p. List the prime factors of p.
37
Let k = 9 - 15. What are the prime factors of -12*2*2/k?
2
Let o(j) = 7 + 2 - 4 + j + j**2 - 5*j. What are the prime factors of o(5)?
2, 5
Let q(g) = g**2 - 8*g - 7. Let f be q(8). Let r = 10 + f. Suppose 14 = -i + r*i. List the prime factors of i.
7
Suppose -5*a + 26 = -39. Suppose 2*r + 0*r - a = p, -4*r = -3*p - 31. What are the prime factors of r?
2
Let l = -150 - -269. What are the prime factors of l?
7, 17
Suppose -3*z - f - 3*f + 22 = 0, -5*f - 25 = -5*z. Suppose 0*q = -t - 2*q + 13, 0 = 4*t - 4*q - 64. List the prime factors of (-10)/(-2)*z/t.
2
Let o(c) = -11*c - 3. Let x be o(-2). Suppose d + 6 = x. What are the prime factors of d?
13
Let t be (-50)/(-13) + 6/39. Suppose t*v - 43 = 109. What are the prime factors of v?
2, 19
Let j = -16 - 1. Let v = 21 + j. List the prime factors of v.
2
Let k(p) = p**2 + 3*p - 2. Let t be k(-4). List the prime factors of 58/7 + t/(-7).
2
Let l(z) = z + 7. Let a be ((-70)/15)/((-4)/6). Let j be l(a). Suppose 3*w = j - 2. List the prime factors of w.
2
Let u = 18 + -13. Suppose -24 = -u*d + 6. Suppose -d*s + 18 = 2*y - 2*s, 4*s - 8 = 0. What are the prime factors of y?
5
Let b(g) be the third derivative of -g**4/12 - g**3/6 + 3*g**2. What are the prime factors of b(